 (-38)/171. Calculate the highest common divisor of y and 12.
12
Let l(a) = -a**2 - 13*a + 18. Let o be l(-12). Calculate the greatest common factor of 5 and o.
5
Let j(d) = d**2 - 3*d. Let p be j(-6). Let a(q) = 3*q + 57. Let l be a(-17). Calculate the highest common divisor of l and p.
6
Suppose -8*a = -14*a + 6. Calculate the highest common divisor of a and 5.
1
Suppose -7*v - 14 = -196. Calculate the greatest common factor of v and 78.
26
Let m = -81 - -92. Suppose 22 = -2*w + 4*w. What is the greatest common factor of w and m?
11
Let n = -3 - -223. Let f be (-20)/5*(-7 - -2). Calculate the highest common factor of n and f.
20
Let w(c) = 13*c - 22. Let h be w(2). Calculate the greatest common factor of 4 and h.
4
Let h(q) = -8*q - 18. Let g be h(-4). Suppose 0 = -2*y - 3*y - 60. Let w be 0 + 0 + 2 - y. What is the greatest common divisor of g and w?
14
Let s(o) = 3*o + 5. Let y be s(5). Suppose 5*t = 2*b - 46 - 17, 4*t = b - 33. Let u = b - 19. What is the highest common factor of u and y?
10
Let i be 1938/27 - (-4)/18. Let q = i - 41. Let l = q + -16. What is the greatest common factor of 10 and l?
5
Suppose v - 2 = 3, 5*w + 3*v = 80. Let q = w - 6. Let c(d) = d**3 - 4*d**2 - 8*d + 8. Let l be c(q). Calculate the highest common factor of l and 9.
9
Suppose 0 = 5*k + 3*k - 216. Let q be 1/2*(1 + 17). What is the highest common factor of q and k?
9
Let v be (-3)/18 + 22/(-12). Let l be (-8)/6*3/v. Let o be l/7 - (-414)/21. Calculate the greatest common factor of 160 and o.
20
Let u = 9 - 5. Suppose -u*p + 21 = 3*h, -2*h + 20 = 4*p + 6. Suppose 3*c + z - 655 = 0, 4*c = h*c + 3*z - 645. Calculate the greatest common factor of 20 and c.
20
Suppose -4*l - l + 55 = 4*z, -5*l + 60 = 5*z. Calculate the highest common divisor of 49 and l.
7
Let n be 87 - 0*(-4)/16. What is the highest common factor of n and 58?
29
Suppose 0 = -2*t + 3*t + 35. Let q be -2*(t/(-2))/(-7). Let d = 20 - -35. What is the greatest common divisor of d and q?
5
Let c = -36 - -59. Let o = -11 + c. Calculate the greatest common factor of o and 30.
6
Let x = -12 + 20. What is the greatest common divisor of x and 4?
4
Let v(l) = -10*l - 1. Let b be v(-1). Suppose 2*y - b - 11 = 0. Calculate the highest common factor of 15 and y.
5
Let w(g) = -g**2 - 6*g + 36. Let x be w(-6). Let b(j) = 2*j + 2. Let a be b(5). What is the greatest common factor of x and a?
12
Let r(v) = 3*v**2 + v. Let n be r(1). Let i be 26*(28/(-8) + n). What is the highest common factor of i and 91?
13
Let r be (12 - 6) + 6/2. Let b = 47 + r. What is the highest common factor of b and 8?
8
Suppose 23 = a - 3*h - 12, 3*h - 45 = -3*a. Let u = 43 - a. Let c = u - 15. What is the greatest common divisor of c and 32?
8
Let u(o) = -o**2 - o + 4. Let d be u(0). Suppose 4*r - 10 - 14 = 0. Calculate the greatest common divisor of r and d.
2
Suppose -4*b + 665 = 269. What is the greatest common divisor of 9 and b?
9
Suppose 5*x + 74 = -66. Let d = 61 + x. Suppose -5*s = -2 - d. What is the greatest common factor of s and 77?
7
Suppose -3*b + 29 = n, 2*n = 2*b - b - 19. Let u = 23 - -10. Calculate the highest common divisor of b and u.
11
Let g(u) = u**3 - 8*u**2 - 6*u - 25. Let r be g(9). Calculate the greatest common divisor of r and 16.
2
Let v be -4 + (-4)/(-2) - 9. Let j = -7 - v. Calculate the greatest common factor of 44 and j.
4
Suppose -5*i - 10 = -6*n + 2*n, 4*n + 3*i = 26. Calculate the greatest common factor of n and 2.
1
Let o = 57 + -42. Calculate the highest common factor of o and 150.
15
Let g = 4 + -3. Let k = 3 - g. Let x be 0 + (-7)/k*-2. What is the highest common divisor of x and 56?
7
Let f be ((-450)/(-27))/(2/3). Suppose -5*n - 2*t + 28 + 9 = 0, 0 = 5*n + 5*t - f. Calculate the highest common divisor of 72 and n.
9
Let g be -2 - -1*(53 - 3). What is the highest common divisor of g and 12?
12
Let i = -3 + -1. Let j be (-610)/(-90) + 4/18. Let a = j - i. Calculate the greatest common divisor of 1 and a.
1
Let x be ((-2)/3)/(2/(-6)). Suppose x*v + 3*v - 49 = -b, -4*v + 4*b = -44. What is the highest common factor of v and 70?
10
Suppose r - 8 = 37. Suppose 6*m - 2*m = 20. What is the greatest common divisor of m and r?
5
Let c be (-6 - -1)*(-2)/5. Let v be 1 + (c + -1)*-1. Suppose v = 4*z + 3*n - 105, n + 6 = 3*n. What is the greatest common divisor of z and 36?
12
Let x be (7/(-2) + 1)*-22. Let y = 309 + -209. Suppose 0 = -5*b + y + 10. Calculate the highest common factor of x and b.
11
Suppose -5*u - s = 81 - 377, 0 = -5*u - 4*s + 284. Let c be 2/(-6) - (-222)/18. Calculate the highest common factor of u and c.
12
Let b(m) = -7*m. Let q be b(-3). Calculate the highest common divisor of 168 and q.
21
Let o be 33/(-5)*(1 + -16). What is the greatest common factor of o and 11?
11
Let k = 15 + -25. Let c be (-3 + 9)/((-4)/k). Calculate the highest common factor of 6 and c.
3
Let x be (2 - 56/10)*-5. Let a be (-1)/3*(6 - -3). Let k(f) = f**2 - 3. Let w be k(a). Calculate the greatest common factor of x and w.
6
Suppose 81 + 3 = 2*l. What is the highest common factor of 462 and l?
42
Suppose -34*c + 38*c - 816 = 0. Calculate the greatest common factor of c and 12.
12
Suppose 2*l - 192 = -2*l + 3*u, -l = -4*u - 48. What is the greatest common divisor of 240 and l?
48
Suppose -6 = -a - 5*p + 2, -2*a - 4 = 5*p. Let x = a + 18. Let o = 450 - 435. Calculate the highest common factor of x and o.
3
Suppose -4*v + 4*r = -0*v + 4, -r + 11 = 4*v. Suppose -20 = -v*g + g. What is the highest common divisor of 10 and g?
10
Let u = -3 + 6. Suppose 4*t - 65 = b, -t = -u*t - 4*b + 10. Calculate the greatest common factor of t and 30.
15
Suppose -4*h + 56 - 24 = 0. Calculate the highest common divisor of 12 and h.
4
Suppose 4*r - 3 = -3*a + 9, a + 2*r - 6 = 0. Suppose a*q + 15 = 3*q. Suppose -75 = n - 6*n. What is the greatest common divisor of q and n?
5
Suppose 5*k - 25 = 0, 4*x + 0*x = 2*k + 26. Let z = 20 - -7. What is the highest common factor of z and x?
9
Suppose 0 = -2*m - 2 + 10. Let q(d) = -d + 6. Let l be q(m). Let j = 20 - 6. Calculate the greatest common divisor of j and l.
2
Let b be 30/(-4)*(-4)/6. Let w(a) = a**2 + 0*a**2 - a**3 + 12 + a + 0*a**3 + 8. Let y be w(0). Calculate the highest common divisor of y and b.
5
Let c be 3 + (104 - (4 + -8)). Calculate the highest common factor of c and 37.
37
Let h(k) = 2*k - 4. Let f be h(4). Let q(g) be the third derivative of g**4/6 - 2*g**3/3 - g**2. Let i be q(6). What is the greatest common divisor of f and i?
4
Suppose -7*z + 149 = -40. Calculate the greatest common factor of 297 and z.
27
Let j(u) = u**3 + 11*u**2 + 6. Let c be j(-11). Calculate the highest common divisor of c and 18.
6
Let j = -28 - -79. Let a(n) = -n**3 + 6*n**2 + 2*n - 6. Let h be a(6). Suppose -z = -h - 28. Calculate the greatest common divisor of j and z.
17
Let d(i) = -i**3 - i**2 + 4*i - 1. Let l = -4 - -1. Let m be d(l). Suppose 3*o - 2*v = m, -v - 2 - 1 = -2*o. What is the greatest common divisor of o and 8?
1
Let k = 4 - 3. Suppose y + k = -4*q + 52, -5*y + 272 = 3*q. Suppose -5*w - 4*b = -y, -b = -w - 2*b + 10. Calculate the greatest common divisor of 30 and w.
15
Suppose m - 145 = -45. Suppose m = 4*l + l. Suppose 2*q + 40 = 7*q. Calculate the highest common factor of q and l.
4
Suppose -2*p - l = p - 2, 0 = 4*p + 2*l. What is the greatest common factor of p and 8?
2
Let t = -36 + 51. Let h be 3*3 + (-1)/(-1). Calculate the greatest common factor of h and t.
5
Let i be (48 - 0)*(-27)/(-36). Let z be (-2)/(-3) + (-480)/(-9). What is the greatest common divisor of i and z?
18
Let y be (-1 - 2) + (69 - -2). Suppose 4*x - 3*m - y = m, 0 = 3*m + 12. Calculate the greatest common divisor of x and 26.
13
Let a(v) = -v**3 + 2*v**2 + 7*v - 8. Let r be a(4). Let d(p) = -p + 1. Let s be d(r). What is the greatest common factor of 104 and s?
13
Suppose 3*q = 2*q + 2*m + 8, -2*q - 5*m + 25 = 0. Calculate the highest common divisor of q and 10.
10
Let v(g) = g - 15. Let w be v(-12). Let z = -17 - w. Let h(n) = -20*n. Let d be h(-1). What is the greatest common factor of d and z?
10
Suppose -n + 9 = -15. Calculate the highest common factor of 168 and n.
24
Let q(w) = -4*w**2 + 2*w - 4. Let p be q(3). Let m = 53 + p. Suppose -5*v = 5*z - 95, -3*v - 19 = -4*v + z. Calculate the greatest comm